3*y - 32. What is the remainder when 137 is divided by s?
7
Let t = -130 + 400. Suppose t = 4*n + 14. What is the remainder when n is divided by 17?
13
Suppose -5*w = 5*k - 630, -w + 3*k = 2*w - 384. Calculate the remainder when w is divided by 22.
17
Let i(q) = -2*q**3 - 2*q**2 - 15*q - 57. What is the remainder when i(-6) is divided by 44?
41
Let r(b) = -449*b + 136. Calculate the remainder when r(-7) is divided by 41.
40
Suppose -3*y + 145 = 4*q, -y + 71 = -2*q + 4*q. Calculate the remainder when 46 is divided by q.
12
Let m = 644 - 541. What is the remainder when m is divided by 18?
13
Suppose 21*f - 17*f - 1056 = 0. What is the remainder when f is divided by 55?
44
Suppose 0 = -4*q - 2*c + 26, 4*c - 14 + 70 = 4*q. Suppose 639 = -12*o + 3*o. Let r = -37 - o. What is the remainder when r is divided by q?
7
Suppose -261 = -29*h + 58. Suppose 0*y + 3*y + 204 = 0. Let j = 110 + y. What is the remainder when j is divided by h?
9
Suppose -f + 11 = -4*z + 3, 3 = 3*z. What is the remainder when 59 is divided by f?
11
Let m = 340 + -300. What is the remainder when 278 is divided by m?
38
Suppose 0 = 5*t + y - 172, -13*t = -15*t - 5*y + 78. Calculate the remainder when t is divided by 31.
3
Let f be 5 + ((-4)/(-10))/((-2)/10). Suppose -n + s - 4*s + 4 = 0, -f*s - 34 = -n. Calculate the remainder when 53 is divided by n.
15
Suppose 4*l - 15 = 17. Suppose -4*o = 2*q - 0*q + l, 4*q = -3*o - 6. Suppose q = -u + 7 + 8. Calculate the remainder when 29 is divided by u.
14
Let m(r) = -r**2 - 10*r - 22. Let l be m(-6). Suppose 0 = l*h + h - 5*i - 270, -2*i = 2*h - 196. Calculate the remainder when h is divided by 24.
23
Suppose m = 2*r - 12, -19 - 1 = -r + 4*m. Let h be (-3)/(-9) + (-49)/3. Let i = r - h. What is the remainder when 38 is divided by i?
18
Let b(c) = -c**2 - 7*c - 5. Calculate the remainder when 2 is divided by b(-6).
0
Suppose 2*f - 20 = -0*f. What is the remainder when (-3)/(-9) - (7920/27)/(-8) is divided by f?
7
Let v(s) = s**3 + 8*s**2 + 1. What is the remainder when 1 is divided by v(-8)?
0
Let a = -7 + -62. Let r = 26 - a. What is the remainder when r is divided by 33?
29
Suppose 7*l = -12 - 9. Let w be (2 + l)*-2 - -1. Suppose -w = n - 2*n. What is the remainder when 5 is divided by n?
2
Calculate the remainder when 420 is divided by ((-1)/(-5))/((-11)/(-3905)).
65
Let m = 0 + 28. Suppose m = -3*r + 118. Suppose -4*i - 11 = 5, 5*c = -4*i + 39. Calculate the remainder when r is divided by c.
8
Let g be 4/(180/415) + (-4)/18. Suppose -3*o = g, -5*o - 70 = -w - 3*o. What is the remainder when w is divided by 17?
13
Suppose 3*j - u = -8, 6 = 4*j + u + u. What is the remainder when -35 + 123 + (j - (-1)/(-1)) is divided by 45?
41
Let p(u) be the third derivative of u**6/120 + 7*u**5/60 + 8*u**3/3 + 12*u**2. Suppose 121 = 5*f - 99. Calculate the remainder when f is divided by p(-7).
12
Let o(u) = u**3 - u**2 + 2*u - 4. Calculate the remainder when 118 is divided by o(3).
18
Suppose -112 = -4*r - 0*u - 3*u, 0 = 3*r - 2*u - 84. What is the remainder when 174 is divided by r?
6
What is the remainder when 1/(2/6) + 5680/40 is divided by 37?
34
Let o(q) = 3*q - 4. Let m be o(3). Suppose 3*y + m*s - 48 = 8, y - 32 = s. Calculate the remainder when y is divided by -14*(1/2 - 1).
6
Let s(q) = -2*q + 123. What is the remainder when s(33) is divided by 51?
6
Suppose 4*d + 920 = 3*u, 5*d + 1535 = u + 4*u. Calculate the remainder when u is divided by 79.
71
Let d = 837 + -787. Calculate the remainder when 214 is divided by d.
14
Let s(k) = -k**3 - 11*k**2 - 11*k - 23. Let b be s(-10). Calculate the remainder when 39 is divided by 1 - b - (1 + 3).
9
Let l(t) = 5*t - 3. Suppose 16*u - 806 = 362. Calculate the remainder when u is divided by l(5).
7
Let x(d) = 17*d. Let y(w) = -3*w. Let o be y(-1). Let m = -3652 - -3670. What is the remainder when x(o) is divided by m?
15
Let o(m) = 3*m**2 + 19*m + 26. Calculate the remainder when 653 is divided by o(-5).
5
Let i be (584/12 + 1)*-3. Let t = 209 + i. Suppose -o = -t - 39. What is the remainder when o is divided by 25?
24
Suppose 2*l = -3*l - 100. Let c = 23 + l. Suppose 5*v = 2*v + c*h + 18, 6 = -v - 3*h. What is the remainder when 15 is divided by v?
0
Let m be 8 - (3 + (-6 - -2)). Let r = 25 + -15. Calculate the remainder when 31 is divided by r/(-45) + 74/m.
7
Let g = -9 + 14. What is the remainder when 72 is divided by 1*(-72)/(-3) - (g + -6)?
22
Calculate the remainder when ((-12)/(-11))/6 - (-6330)/33 is divided by 18.
12
Let a(z) = 2*z**2 - 23*z + 124. Calculate the remainder when a(5) is divided by 2.
1
Let d = 1 - -10. Let i(f) = f**2 - 12*f + 13. Calculate the remainder when i(d) is divided by (-6)/27 + (-40)/(-18).
0
Suppose -313*r + 3703 = -290*r. Calculate the remainder when r is divided by 26.
5
Suppose -2*l + n = 3*l - 2323, -1854 = -4*l + 3*n. Calculate the remainder when l is divided by 12.
9
Let v(x) = -77*x - 1. Let q be v(-1). Suppose q = g + 57. What is the remainder when g is divided by 2?
1
Let c = 133 - 129. Suppose -6*s + c*s + 40 = 0. Calculate the remainder when s is divided by 11.
9
Let x(z) = z**3 + 20*z**2 - 7*z - 8. Let j be x(-20). Suppose -4*r + j = -72. Calculate the remainder when r is divided by 14.
9
Let m = -10 - -11. Let k be m/(-2)*2 - 2. Let x = k - -18. Calculate the remainder when 42 is divided by x.
12
Let s be ((-9)/(-6))/((-15)/(-140)). Let u = s + 16. Calculate the remainder when 57 is divided by u.
27
Suppose 5*t - 4*l = t + 96, -2*l + 66 = 4*t. What is the remainder when t is divided by 11?
8
Suppose -95 = -8*c + 3*c. Suppose 5*f + 191 = -g, -4*f + 4*g - 124 - 24 = 0. Let b = f + 73. Calculate the remainder when b is divided by c.
16
Let h = 289 - 266. Let r(g) = g**3 + 6*g**2 - 5*g - 5. Calculate the remainder when r(-5) is divided by h.
22
Suppose 4*n - 3*n - 71 = -3*j, 3*n - 2*j - 158 = 0. What is the remainder when 166 is divided by n?
54
What is the remainder when ((-13)/(520/16))/(3/(-1230)) is divided by 87?
77
Let n(l) be the third derivative of l**4/12 - 11*l**3/6 - 13*l**2. Calculate the remainder when 99 is divided by n(14).
14
Let n(q) = q**2 + 12*q - 17. Let a be (-3 + (1 - -39))*2. Suppose -3*t + 85 + a = 0. Calculate the remainder when t is divided by n(-14).
9
Suppose t - 113 = -5*i + i, 5*i = 2*t - 174. What is the remainder when 577 is divided by t?
92
Let x(f) = f**3 - f**2 + 12. Let m be x(0). Let y(q) = -q**2 + 17*q - 28. Calculate the remainder when y(m) is divided by (-2)/1 - -2 - -11.
10
Suppose -2*d + 44 = 4*n, n + 2*d + 3*d = 2. Let z(i) = -i + 95. Calculate the remainder when z(0) is divided by n.
11
Suppose 4 = 4*v, 3*h + 80 = 5*v + 4530. Calculate the remainder when h is divided by 24.
21
Let x(n) be the third derivative of -n**4/6 + 17*n**3/3 - 3*n**2. Calculate the remainder when x(5) is divided by 9.
5
Let g = -394 + 404. What is the remainder when g is divided by -1 - (-7 + -2 + 1)?
3
What is the remainder when (30 - -1) + -2 + 2 is divided by (-8625)/(-525) - (-3)/(-7)?
15
Let b(v) = 5*v + 9. Let w be b(-3). Let l = w + 11. Calculate the remainder when 14 is divided by l.
4
Calculate the remainder when 92 is divided by ((-2)/(-4))/(-3*7/(-1008)).
20
Let s(m) = -m**2 + 8*m - 4. Let d be s(7). Suppose 2*v = d*x - 6*x - 13, -2*v - 4*x - 14 = 0. What is the remainder when 43 is divided by 15*(0 + (-4 - v))?
13
Let u be 2 + -11 + (1 - -2). Let h = 34 + u. What is the remainder when h is divided by 15?
13
Suppose 3*k + 14 = 4*p, -2*k - k - 3*p + 21 = 0. Suppose -5*l + k*l = -9. Calculate the remainder when 1/((4/12)/(11/3)) is divided by l.
2
Let q(k) = -k**3 + k**2 + 2. Let o be q(0). Suppose 54 + 68 = o*c. What is the remainder when c is divided by (2 + -3)/((-1)/21)?
19
Let b(f) = -f**3 - 8*f - 8. Calculate the remainder when 54 is divided by b(-2).
6
Let m(d) = 5*d**2 + 3*d + 7. Let h(b) = -b + 16. Let i be h(8). Let v = 4 - i. What is the remainder when m(v) is divided by 26?
23
Suppose 0 = g - 0 - 3. Suppose 0 = 2*x + 2*x - 288. Suppose 4*i = 5*q - x - 63, 5*q - 130 = g*i. Calculate the remainder when 68 is divided by q.
22
Suppose -2*i + 3*d + 14 = -3, -d + 1 = i. Let u be -1 + 188/(-20) - (-2)/5. Let g(y) = -y**2 - 13*y - 24. Calculate the remainder when g(u) is divided by i.
2
Let a be 1 - (3 - 11 - -3). Let k(z) = 10*